3. Suppose 8 = -v - z*v. Let h be (7/((-14)/4))/v. Let u(n) = 8*n**2 + n - 1. Determine u(h).
8
Suppose -14*d + 17*d - 9 = 0. Let c(i) = 12*i + 0 - i**d - 14 + 9*i**2 + 0. Let x be c(10). Let m(y) = y**2 - 7*y + 7. Give m(x).
1
Let s(z) be the third derivative of -z**5/10 + z**4/24 + z**3/3 - 34*z**2. Determine s(2).
-20
Let n = 1 + -2. Let q(a) = 17*a**2 - 3*a + 17. Let r(s) = 9*s**2 - 2*s + 10. Let k(w) = -3*q(w) + 5*r(w). What is k(n)?
-6
Let n(j) = -2*j**2 + 2*j + 24. Let t be n(0). Suppose t = 3*p + 5*y + 9, -5*y = p - 5. Let f(h) = h**3 - 5*h**2 - 2. What is f(p)?
-2
Let a(g) = -2*g**2 + 2 - 64*g + g**2 + 60*g. Let w be -3 + 9/(-3)*-3. Let p be (-3)/(-3) - w*1. Determine a(p).
-3
Suppose -28 = 2*k - 6. Let o(l) = -l**2 - 10*l - 2. Calculate o(k).
-13
Suppose -v = 2, -y + 94 = 4*v + 40. Let b(q) = 60*q + y*q - 116*q. Determine b(-1).
-6
Suppose 0 = -5*n + n + 20. Suppose -54 = n*l - 8*l. Let m = l - 19. Let o(f) = -f**3 + f**2 + f + 1. Calculate o(m).
2
Let d(s) = -3*s - 76*s**3 - 3*s**2 + 36*s**3 + 38*s**3 + 5 - 4*s**2. What is d(-4)?
33
Suppose 3 = u, 8*n - 3*n - 41 = 3*u. Let p(q) = q**3 - 10*q**2 - 2*q - 9. Determine p(n).
-29
Let p be (1/2)/((-1)/(-16)). Let h(w) = 89 + 9*w - w**3 - 43 - 56 + 7*w**2. Give h(p).
-2
Let c(u) = -u**3. Let x(v) = v**2 + v + 1. Let r(i) = -5*i**2 - 2*i + 4. Let q(d) = -r(d) - 4*x(d). Let m be q(4). Suppose -2*y - 6 + 10 = m. Calculate c(y).
-8
Let v be 2*3/((-6)/(-5)). Let l(q) = -q**3 + 7*q**2 - 7*q + 4. What is l(v)?
19
Suppose -71 = -3*s - 56. Let j(x) be the first derivative of 3*x**2 + 0*x + s + 1/3*x**3. What is j(-4)?
-8
Let u be (((-693)/(-3))/(-7))/(-3). Let q(w) = w**3 - 10*w**2 - 7*w + 5. Give q(u).
49
Let t(s) be the second derivative of -s**4/24 + 2*s**3/3 - 6*s**2 - 5*s. Let x(y) be the first derivative of t(y). Calculate x(6).
-2
Let z(p) = 3*p + 4. Let h be (12/75)/(8/20)*-10. Determine z(h).
-8
Let z(c) = c + 7. Let k(w) = 2*w + 3*w + 8 + 9 - 3. Let l be k(-4). Calculate z(l).
1
Let g(k) = k**3 + 14*k**2 + 12*k - 13. Let t = 183 + -196. Determine g(t).
0
Let a(w) = -w**2 - 3*w - 1. Let s(f) = -17*f + 31. Let b be s(2). Determine a(b).
-1
Let m(y) = -5*y**3 - 10*y**2 + 8*y + 8. Suppose -3 = -2*x - 1. Let v(c) = c**3 + c**2 - c. Let l(k) = x*m(k) + 4*v(k). Calculate l(-6).
-16
Let g(u) = 8*u**2 - 20*u - 15. Let t(n) = -3*n**2 + 8*n + 7. Let b(j) = -2*g(j) - 5*t(j). Suppose 3*o - 4*r = 5*o, -4*r = -3*o. Calculate b(o).
-5
Let j(x) = 22*x**2 + 2*x + 1. Let q be (-4)/(-2)*(-5)/(1 + 9). Determine j(q).
21
Let x be 1/(-3)*0/(-3). Suppose -3*a = 2*q - 8, -11 = -x*q - 3*q - 4*a. Let z(s) = 5*s + 0 - 3 - 3*s + 2. What is z(q)?
1
Suppose -857 = -11*f - 21. Let y = f + -70. Let g(h) = h**2 - 6*h + 2. Calculate g(y).
2
Let s(a) = a + 10. Suppose 4*b = -4*p + 192, 0*p = 3*b + p - 150. Let w = -59 + b. Give s(w).
2
Suppose -17*w + 19*w - 8 = 0. Suppose w*d = 6*d. Let z(c) = -c + 5. What is z(d)?
5
Let v(m) = 364 - 364 + m. Give v(-5).
-5
Suppose 2*x - 3*q + 0 = 7, 3*x - 9 = 3*q. Let l be (68/20 - (-6)/10) + x. Let r(m) = m - 2. Give r(l).
4
Suppose -q = 4*p - 6*q + 8, 0 = -3*p - q - 6. Let w be 1 + 4 + 0 + -3. Let i(t) = -3*t**2 - 4*t**2 + 3*t**2 - 3*t - 1 - 3*t**3 + 0*t**w. Give i(p).
13
Let j(z) = z**3 - 5*z**2 + 8*z - 3. Let u be j(4). Let a(p) = 2 + u*p - 30*p - 5 + 13*p. Give a(-3).
9
Suppose -4*x + 255 = 11. Let y be x - 3/((-6)/(-2)). Let l be y/8 + 9/(-6). Let u(k) = -k**3 + 7*k**2 - 8*k + 7. Determine u(l).
-5
Let o(d) = -11*d - 8662 + 31*d + d**3 + 8686 + 20*d**2. Calculate o(-19).
5
Let z(x) be the second derivative of -13*x**3/6 - x**2/2 - 166*x. Calculate z(4).
-53
Let g(x) = -348 - 11*x + 349 + 10*x - 25*x**2. Give g(1).
-25
Let d(m) = 156*m - 73*m + 3 - m**2 - 78*m. Let z = -12 + 17. Let j be d(z). Let v(o) = o**3 - 4*o**2 + 3*o. Calculate v(j).
0
Suppose 0 = 4*m - 9 - 87. Let a(k) = -m*k + 2 - 1 - 21*k + 38*k. Calculate a(-1).
8
Let p(h) = 5*h**2 - 40*h - 30. Let v(u) = 3*u**2 - 21*u - 15. Let i(y) = -4*p(y) + 7*v(y). Give i(-12).
3
Let o(q) be the first derivative of q**2/2 - 5*q + 43. Determine o(16).
11
Let w(g) be the first derivative of -g**3/3 - 19*g**2/2 - 24*g - 331. Calculate w(-18).
-6
Let s(k) = -k + 1. Let o(j) = -6*j + 4. Let w(h) = o(h) - 2*s(h). Let u be (1/3)/((-85)/765). What is w(u)?
14
Suppose -6*x + 20 = 2. Suppose -31 = x*y - 22. Let f(t) = -t**3 - 4*t**2 - 2*t - 3. What is f(y)?
-6
Let d(n) = 47*n + 9 + n**3 + 4*n**2 - 43*n - 6. What is d(-3)?
0
Let a(o) be the second derivative of -o**4/12 - o**3/3 + o**2 - 4*o. Let w = 921 - 919. Calculate a(w).
-6
Suppose -i + 17 = 4*i - 4*s, -2*s - 6 = 0. Let j = i + -1. Let h(x) = x**3 - x**2 + x - 5. What is h(j)?
-5
Let t = -1680 + 1673. Let z(s) = s**2 + 11*s + 17. What is z(t)?
-11
Let g(k) = -2 + 10 - 2*k - 11 - k - 1. Calculate g(5).
-19
Let b(z) = 4*z + 1. Let k = 205 + -202. Let s = -1 + 5. Suppose -k*g - 2 = -s*g. What is b(g)?
9
Let q(h) = -9*h**2 + 3*h + 11. Let u(t) = -8*t**2 + 3*t**2 + 2*t - 429 + 435. Let f(a) = -4*q(a) + 7*u(a). What is f(-3)?
1
Let d(s) = -2*s**3 + 5*s**2 - 6*s + 4. Let u(r) = 2*r**2 + 6*r - 6. Let c be u(-4). Give d(c).
-4
Let n(i) = -11*i + 7 + 5 - 3 - 4. Let u = 31 + -27. Let v(w) = -5*w + 3. Let y(k) = u*n(k) - 9*v(k). What is y(0)?
-7
Let c(b) be the second derivative of -b**7/2520 - 11*b**6/720 - b**5/30 + 41*b**4/12 - 34*b. Let l(y) be the third derivative of c(y). Give l(-11).
-4
Let p = 30 - 25. Let i(z) = 4*z - 9. Let y(l) = l - 1. Let k(o) = -i(o) + 5*y(o). Let r(q) = q + 3. Let w(s) = p*k(s) - 6*r(s). Determine w(7).
-5
Let l(b) = b + b - b + 16. Let a be (-6)/51 + 10731/(-833). Determine l(a).
3
Suppose 6*d - 3*d = 2*y + 27, d + 2*y = 9. Let t(v) = -v**3 + 4*v**2 - 15*v + 1. Let o(g) = g**2 + g + 1. Let j(c) = -6*o(c) - t(c). Determine j(d).
-7
Let w(h) be the second derivative of h**8/448 - h**7/1260 + h**5/120 + 43*h**4/12 + h + 14. Let d(p) be the third derivative of w(p). Determine d(1).
14
Suppose 5*v - k - 31 - 3 = 0, -k + 8 = v. Let u(x) = -2*x - v - 2*x + 3*x. What is u(-3)?
-4
Suppose h + 23 = 3*a, 10*a + 4*h + 20 = 14*a. Let q(d) = -2*d**2 + 19*d - 13. Determine q(a).
-4
Let j(k) = -k**3 + k + 8. Suppose 22*w + 3*w = 13*w. Give j(w).
8
Let l(x) = x - 6. Let s(o) = o**3 + 6*o**2 - o - 1. Let i(n) = n. Let c be i(4). Suppose 2*w + m + 8 = 0, c*w - 3*m = 7*w + 6. Let p be s(w). What is l(p)?
-1
Let o(w) = -w**2 - 3*w + 66. Let s be o(-10). Let d(t) = t**3 + 3*t**2 - 5*t + 5. Determine d(s).
9
Suppose -9 = -g - 4*v + 9, 5*g - 15 = 5*v. Let m(x) = 5*x**2 - 8*x - 6. Let n(l) = 9*l**2 - 15*l - 12. Let b(z) = 7*m(z) - 4*n(z). Give b(g).
-6
Suppose r = -2*z + 34, 3*r + 2*z = 4*z + 70. Let t = -18 + r. Suppose -3*g + 23 = t. Let o(v) = v**2 - 7*v - 1. Calculate o(g).
-11
Let l(m) be the third derivative of -m**4/24 + 5*m**3/3 - 22*m**2 + 2*m. Determine l(9).
1
Let u(b) = -b**3 - 9*b**2 - 6*b - 2. Let d(y) = -y**2 - 1. Let w(i) = -3*d(i) + u(i). Let g be 0/1 - (2 + 2). Let x = g - 1. Determine w(x).
6
Suppose 0 = 5*s - 2*u - u + 19, -s - 4*u + 10 = 0. Let c(m) = -4*m - 5*m - 6 - 1 - 4*m. Let b(q) = -25*q - 13. Let a(d) = -6*b(d) + 11*c(d). Give a(s).
-13
Let g(j) = 3*j + 66. Let o be g(-22). Let x be 0 - (0 + -2) - -2. Let p(w) = w - x + 7 - 1. Calculate p(o).
2
Let i be 38/(-34) + 14/119. Let o(b) = 62*b + 2. Give o(i).
-60
Let o(x) = 6*x**2 + 19*x - 36. Let m(u) = -u**2 - 4*u + 7. Let s(v) = -11*m(v) - 2*o(v). Let b = -12269 + 12275. Determine s(b).
-5
Let j = 224 - 232. Let g(n) = -2*n - 9. Determine g(j).
7
Let i(c) be the third derivative of c**4/24 - 5*c**3/6 + 180*c**2. Determine i(10).
5
Let v(q) = 8*q**2 - 6*q + 27. Let p(c) = -5*c**2 + 4*c - 19. Let j(g) = 7*p(g) + 5*v(g). What is j(2)?
18
Let b(j) = j**3 + 4*j**2 - j - 4. Suppose -2*l - 64 = -20. Let p = l - -18. Let m be b(p). Let s(d) = d**2 + d + 5. Determine s(m).
5
Let g(q) = q - 1. Let m be 1/(((-6)/9)/(4/(-3))). Let j(n) = -n**3 + 3*n**2 - n - 2. Let i be j(m). What is g(i)?
-1
Let h(l) = -l**3 - 5*l**2 - 3*l - 7. Let g be (-4 - 2)*2/(-4). Suppose 3*o - 72 = -4*d - o, g*o - 69 = -4*d. Suppose -4*q = -q + d. Give h(q).
8
Suppose -4 + 0 = -2*k. Let a(y) = k*y + 14*y - 11*y + 2 - y**2. Calculate a(4).
6
Let i(v) = -4*v**2 - 178*v**3 - 1 - 3*v - 188*v**3 + 365*v**3. Calculate i(-3).
-1
Suppose 2*k - 30 = 2*y - 12, 